ate the highest common factor of l and 20.
5
Let v be 3/(-2 + (-14)/(-6)). Let u be ((-165)/(-33))/((-15)/(-7) - 2). Let s be ((-42)/6)/u*(-16 - -1). What is the greatest common factor of v and s?
3
Suppose -3*l + 2 = f, 4*f + 5*l - 4*l - 63 = 0. Suppose 3*n = 3*z - 549, 8*n - 12*n - 919 = -5*z. What is the greatest common divisor of z and f?
17
Suppose -2*i + 19 = -1. Let f be -13 + i - (-20 + 1). Let a be 1770/48*1 - (-2)/f. Calculate the highest common divisor of 185 and a.
37
Suppose -5*q - 3*h + 54 = -9, -4*q + 42 = h. Calculate the greatest common divisor of q and 6588.
9
Suppose -l - 3*m + 125 = 0, 3*m = -0*m + 2*m. Calculate the greatest common divisor of 28000 and l.
125
Suppose 36*l + 5563296 = 788*l. What is the highest common factor of 27 and l?
27
Suppose -5*v + 1000 = -v. Let w(o) = -17490*o - 52395. Let z be w(-3). Calculate the greatest common factor of z and v.
25
Suppose -149*j + 204064 = -19883. What is the greatest common divisor of 334 and j?
167
Let x = -280 + 1458. What is the greatest common factor of 310 and x?
62
Let j be -3 + 15/10*(-50)/(-15). Let q be j*162 - 1/1. Calculate the highest common divisor of 38 and q.
19
Let r be (-1 + -129)*(-21)/14. Let x = -2303 + 2563. Calculate the greatest common factor of r and x.
65
Suppose -15*w + 804025 = -94640. Calculate the highest common divisor of w and 181.
181
Let x be 117/(-13 + (-1027)/(-78)). Calculate the greatest common factor of x and 24.
6
Suppose 5*v - 4*f + 6 = -24, 5*f = -3*v + 19. Let y(l) = 54*l**2 - 6*l - 7. Let r be y(v). Calculate the highest common factor of 13 and r.
13
Let g = -8177 + 8420. What is the highest common factor of g and 36?
9
Suppose 333*r - 324*r - 2196 = 0. Let o = r + 196. Calculate the highest common factor of 132 and o.
44
Let f be (68/(-25))/((-12)/(-30))*-5. Suppose 4*l + f = 106. What is the highest common divisor of 27 and l?
9
Let h = -14599 - -14668. Calculate the greatest common factor of 1863 and h.
69
Let j(s) = 4*s**3 - 4*s**2 + 34*s + 5. Let z be j(4). What is the highest common factor of z and 6?
3
Let g be (-88)/(-15) + 10/75. Let x be 12*3/g*10 - -3. Suppose -58*r - 220 = -x*r. Calculate the highest common factor of 4 and r.
4
Let g = -579 + 1305. Calculate the highest common factor of g and 198.
66
Let x = 593 + -719. Let q be (-6)/(-2 + (2 - (-4)/x)). What is the greatest common divisor of q and 14?
7
Let z be 7 - 2 - 5 - -165. Let h = 35 + -23. Let c be (-9*(-40)/h)/2. Calculate the highest common factor of z and c.
15
Let o be -1 + 192 - 1/1. Suppose c - 44 = -4*m, -5*c + 380*m + 372 = 381*m. What is the highest common divisor of o and c?
38
Let t(o) = -14*o**3 - o**2 + o + 2. Let u be 9/6*4/(-6). Let h be t(u). What is the greatest common factor of h and 112?
14
Suppose -y + 3 = 0, 0*k = -k + 4*y + 7. Suppose 6*a - 5 = 7*a + 3*s, -a - 5 = 2*s. Let n = k + a. What is the highest common factor of 21 and n?
7
Let s(l) = l**2 - 13*l + 4. Let z be s(14). Suppose 15*u - 10*u + 2*j - 426 = 0, -3*j = -9. What is the greatest common divisor of u and z?
6
Suppose 0 = -0*r + 11*r + 715. Let a = 184 + r. What is the highest common divisor of a and 17?
17
Suppose 5*q - 3*q - 21 = -3*r, -5*q = -r - 10. Suppose -5 = 5*k, k = -q*m + 276 - 52. Suppose 4*a - 90 = a. What is the greatest common divisor of a and m?
15
Let u(s) = -s**2 - 8*s - 12. Let b be u(-5). Suppose 0 = 2*w - 6, -7*m - w = -b*m - 75. Suppose 2*x - 12 = 6. Calculate the greatest common factor of x and m.
9
Let v(b) = 2*b**2 - 33*b - 18. Let f be v(17). Let i be (3 - 6) + -78 + (-1 - f). Let r = 87 + i. Calculate the greatest common factor of 6 and r.
6
Let l be -50*10/(-25) - -14146. What is the greatest common factor of 18 and l?
18
Let u be -9 + 133/14 + 90/4. Suppose u = -o + 59. Calculate the highest common divisor of o and 264.
12
Let u = 29 - 8. Suppose -72*o = 2*t - 67*o - 56, -t - 2*o + 28 = 0. Calculate the greatest common divisor of u and t.
7
Let c = 1212 - 1180. Let x = 268 - 228. What is the highest common factor of c and x?
8
Suppose 63 = 5*k - 2*j, 4*k - 5*k - j = -7. Suppose -912 = -15*o + k*o. What is the greatest common factor of o and 24?
12
Let f be 268*1 + 8/(-8). Let i = 335 - f. Suppose -8 = -2*s + 26. Calculate the highest common divisor of i and s.
17
Let n = 199 - 196. Suppose 5*l = -n*h - 9 + 49, 4*l = 2*h + 32. What is the greatest common divisor of 120 and l?
8
Suppose 5*f = 5*d - 1065, -847 = -4*d + f - 2*f. Suppose -4*b + 1436 = d. Let c be 18/3*(-51)/(-9). Calculate the highest common divisor of b and c.
34
Suppose 1 - 4 = -2*s + n, 0 = s - n - 4. Let i(k) = 163*k**2 + 8*k + 7. Let o be i(s). What is the highest common factor of o and 108?
54
Let h be 2032/(-14)*875/(-250). Calculate the greatest common divisor of 12446 and h.
254
Suppose -5*u - 58874 = -4*f, -14*f = -12*f + u - 29444. Calculate the highest common divisor of 21 and f.
21
Suppose -11*c = 4*c - 840. Suppose 2*s - 584 = -3*a, 0 = 2*a - 3*s - 2*s - 402. Calculate the greatest common divisor of a and c.
28
Let j = -42 - -58. Let s be 4/(-10) - (-208)/20. Let p be (-2)/s + (-567)/(-35). What is the highest common divisor of p and j?
16
Let u = 169 + -166. Suppose 3*h + u*x = 12, -4*h = -5*x + 2*x - 30. What is the highest common factor of h and 9?
3
Let g = 2603 + -1459. Suppose -3*i - 1160 = -8*i + 5*z, 3*z - g = -5*i. Calculate the greatest common divisor of 10 and i.
10
Suppose 16*d - 29*d = -156. Let s = -285 + 471. Calculate the highest common divisor of d and s.
6
Let k(l) = 10*l. Let o be k(-8). Let x be 33/((-5)/(o/6)). Let q = 8 - -3. What is the highest common factor of q and x?
11
Suppose -f + 3*t + 1307 = 0, 2121*f - 2117*f - 2*t - 5178 = 0. Calculate the highest common factor of 204 and f.
68
Let v(a) = -151*a - 8. Let d(o) = 76*o + 5. Let t(s) = 5*d(s) + 3*v(s). Let c be t(-2). What is the highest common factor of c and 21?
21
Let u(i) = 18*i + 4. Let y be u(2). Suppose -3*o = 2 - 8. Suppose o*d - r = -0 + y, -4*r = -d + 27. What is the highest common divisor of d and 19?
19
Suppose -13*g - 1078 = -8228. Calculate the greatest common factor of 154 and g.
22
Suppose 4*f - 2*z - 5452 = 0, -z - 2760 = -5*f + 4058. Let h be ((-11)/44)/((-12)/1488). Calculate the greatest common divisor of f and h.
31
Suppose 100 - 390 = -29*o. Suppose o*r + 125 = 725. Calculate the greatest common factor of 390 and r.
30
Let n = -335 + 325. Let o be (2*n)/(4/(-8)). Calculate the greatest common divisor of o and 100.
20
Suppose -25*i + 2*b = -20*i - 491, -3*i - 3*b + 282 = 0. Calculate the highest common divisor of 776 and i.
97
Let b = -47 - -52. Suppose -m + 0*m = -5, b*w - 5*m = -30. Let g be (4 + w)*1 - 5*-72. Calculate the greatest common divisor of g and 33.
33
Suppose 0 = l + 26*o - 22*o - 13862, 69420 = 5*l - 2*o. What is the highest common divisor of l and 44?
22
Let i(f) = -85*f + 2851. Let s be i(30). What is the greatest common divisor of 14 and s?
7
Suppose -3*y + 6 = l + 13, -5*l + 5 = -5*y. Let q be 9/(0/(-4 + y) - -3). What is the highest common factor of q and 21?
3
Let i = 7 - 4. Suppose 0 = -2*x - 4, 3*h + h - 3*x = -50. Let c be h/(-21) + 230/6. What is the greatest common divisor of c and i?
3
Let w(g) = 119*g + 1693. Let v be w(-8). What is the highest common factor of v and 171?
57
Let g be ((-95976)/1290)/((-3)/20). Calculate the highest common factor of g and 9176.
248
Let u(r) = -3*r**3 + 378*r**2 + 396*r - 195. Let d be u(127). Calculate the highest common divisor of 532 and d.
38
Let o(t) = 8*t**2 - 9*t + 10. Let a be o(10). Let m = a - 687. Suppose -4*i = h - 1056, i - h - 1320 = -4*i. Calculate the highest common factor of m and i.
33
Let l = -3268 + 3273. What is the greatest common factor of l and 245?
5
Let w(i) = 10*i - 76. Suppose 16*b + 250 = 394. Let l be w(b). Let t be ((-14)/6)/((-1)/3). Calculate the highest common factor of t and l.
7
Let d(q) = q**3 - 8*q**2 - 107*q + 30. Let v be d(18). What is the greatest common factor of 63 and v?
21
Let q(d) = -d**2 + 13*d + 36. Let r be q(-3). Let t be 531 - (-16)/r*-6. What is the greatest common divisor of 22 and t?
11
Let z = 19 + 60. Suppose -72*j - 910 = -z*j. Calculate the highest common divisor of j and 78.
26
Let m(w) = 19*w - 10. Let c be m(2). Let l be 640/c - 2/(-14). Suppose 0 = 4*i -